{"id":37630,"date":"2023-11-30T21:59:04","date_gmt":"2023-11-30T21:59:04","guid":{"rendered":"https:\/\/rawforce.cl\/?post_type=product&#038;p=37630"},"modified":"2023-11-30T21:59:04","modified_gmt":"2023-11-30T21:59:04","slug":"disaster-pestilencia","status":"publish","type":"product","link":"https:\/\/rawforce.cl\/index.php\/product\/disaster-pestilencia\/","title":{"rendered":"DISASTER Pestilencia"},"content":{"rendered":"<p>1 Fosa Com\u00fan<br \/>\n2 Thrash Y Alcohol<br \/>\n3 Holocausto Infernal<br \/>\n4 Desquiciado<br \/>\n5 Sadosex<br \/>\n6 Disaster<br \/>\n7 Escoria Policial<br \/>\n8 Metal Adicci\u00f3n<br \/>\n9 Corderos En Extinci\u00f3n<br \/>\n10 Pestilencia<\/p>\n","protected":false},"excerpt":{"rendered":"<p>1 Fosa Com\u00fan 2 Thrash Y Alcohol 3 Holocausto Infernal 4 Desquiciado 5 Sadosex 6 Disaster 7 Escoria Policial 8 Metal Adicci\u00f3n 9 Corderos En Extinci\u00f3n 10 Pestilencia<\/p>\n","protected":false},"featured_media":37631,"comment_status":"open","ping_status":"closed","template":"","meta":[],"product_cat":[157],"product_tag":[],"class_list":["post-37630","product","type-product","status-publish","has-post-thumbnail","hentry","product_cat-cds","description-off"],"_links":{"self":[{"href":"https:\/\/rawforce.cl\/index.php\/wp-json\/wp\/v2\/product\/37630","targetHints":{"allow":["GET"]}}],"collection":[{"href":"https:\/\/rawforce.cl\/index.php\/wp-json\/wp\/v2\/product"}],"about":[{"href":"https:\/\/rawforce.cl\/index.php\/wp-json\/wp\/v2\/types\/product"}],"replies":[{"embeddable":true,"href":"https:\/\/rawforce.cl\/index.php\/wp-json\/wp\/v2\/comments?post=37630"}],"wp:featuredmedia":[{"embeddable":true,"href":"https:\/\/rawforce.cl\/index.php\/wp-json\/wp\/v2\/media\/37631"}],"wp:attachment":[{"href":"https:\/\/rawforce.cl\/index.php\/wp-json\/wp\/v2\/media?parent=37630"}],"wp:term":[{"taxonomy":"product_cat","embeddable":true,"href":"https:\/\/rawforce.cl\/index.php\/wp-json\/wp\/v2\/product_cat?post=37630"},{"taxonomy":"product_tag","embeddable":true,"href":"https:\/\/rawforce.cl\/index.php\/wp-json\/wp\/v2\/product_tag?post=37630"}],"curies":[{"name":"wp","href":"https:\/\/api.w.org\/{rel}","templated":true}]}}