{"id":37529,"date":"2023-08-23T18:06:17","date_gmt":"2023-08-23T18:06:17","guid":{"rendered":"https:\/\/rawforce.cl\/?post_type=product&#038;p=37529"},"modified":"2023-11-30T21:48:37","modified_gmt":"2023-11-30T21:48:37","slug":"hetroertzen-rex-averno","status":"publish","type":"product","link":"https:\/\/rawforce.cl\/index.php\/product\/hetroertzen-rex-averno\/","title":{"rendered":"HETROERTZEN \/ Rex Averno"},"content":{"rendered":"<p>Black Metal, Chile<\/p>\n<p>&nbsp;<\/p>\n<table width=\"864\">\n<tbody>\n<tr>\n<td width=\"37\">1<\/td>\n<td width=\"354\">The Cursed Cross<\/td>\n<td width=\"196\">4:50<\/td>\n<\/tr>\n<tr>\n<td width=\"37\">2<\/td>\n<td width=\"354\">Herolde Des Antichristen<\/td>\n<td width=\"196\">3:44<\/td>\n<\/tr>\n<tr>\n<td width=\"37\">3<\/td>\n<td width=\"354\">Power\u00b4s Legion<\/td>\n<td width=\"196\">3:57<\/td>\n<\/tr>\n<tr>\n<td width=\"37\">4<\/td>\n<td width=\"354\">The Chamber of Kefren Ra<\/td>\n<td width=\"196\">2:37<\/td>\n<\/tr>\n<tr>\n<td width=\"37\">5<\/td>\n<td width=\"354\">Bacterium S6th6n6s<\/td>\n<td width=\"196\">2:59<\/td>\n<\/tr>\n<tr>\n<td width=\"37\">6<\/td>\n<td width=\"354\">Salmus Noctem<\/td>\n<td width=\"196\">2:14<\/td>\n<\/tr>\n<tr>\n<td width=\"37\">7<\/td>\n<td width=\"354\">Perverses und Reines Paradies<\/td>\n<td width=\"196\">4:05<\/td>\n<\/tr>\n<tr>\n<td width=\"37\">8<\/td>\n<td width=\"354\">The 7th Visit<\/td>\n<td width=\"196\">3:14<\/td>\n<\/tr>\n<tr>\n<td width=\"37\">9<\/td>\n<td width=\"354\">Lvxifer<\/td>\n<td width=\"196\">3:09<\/td>\n<\/tr>\n<tr>\n<td width=\"37\">10<\/td>\n<td width=\"354\">Ruins of Karkemish<\/td>\n<td width=\"196\">3:08<\/td>\n<\/tr>\n<tr>\n<td width=\"37\">11<\/td>\n<td width=\"354\">Rainy Clouds of Rebel Angels<\/td>\n<td width=\"196\">4:20<\/td>\n<\/tr>\n<tr>\n<td width=\"37\">12<\/td>\n<td width=\"354\">Adveniat Principis Inferno<\/td>\n<td width=\"196\">3:31<\/td>\n<\/tr>\n<tr>\n<td width=\"37\">13<\/td>\n<td width=\"354\">Aquarian Parasites<\/td>\n<td width=\"196\">4:41<\/td>\n<\/tr>\n<\/tbody>\n<\/table>\n<p>&nbsp;<\/p>\n<p>https:\/\/rawforceproductions.bandcamp.com\/album\/rex-averno<\/p>\n<p>&nbsp;<\/p>\n<p id=\"tw-target-text\" class=\"tw-data-text tw-text-large tw-ta\" dir=\"ltr\" data-placeholder=\"Traducci\u00f3n\"><span class=\"Y2IQFc\" lang=\"es\">Tercer golpe de estas fuerzas del black metal, este \u00e1lbum muestra la cara malvada m\u00e1s extrema y sin concesiones de estos hijos bastardos de las monta\u00f1as de Los Andes, una de las mejores bandas de black metal fuera de territorios sudamericanos.<\/p>\n<p><\/span><\/p>\n","protected":false},"excerpt":{"rendered":"<p>Black Metal, Chile &nbsp; 1 The Cursed Cross 4:50 2 Herolde Des Antichristen 3:44 3 Power\u00b4s Legion 3:57 4 The Chamber of Kefren Ra 2:37 5 Bacterium S6th6n6s 2:59 6 Salmus Noctem 2:14 7 Perverses und Reines Paradies 4:05 8 The 7th Visit 3:14 9 Lvxifer 3:09 10 Ruins of Karkemish 3:08 11 Rainy Clouds&hellip;<\/p>\n","protected":false},"featured_media":37530,"comment_status":"open","ping_status":"closed","template":"","meta":[],"product_cat":[157],"product_tag":[],"class_list":["post-37529","product","type-product","status-publish","has-post-thumbnail","hentry","product_cat-cds","description-off"],"_links":{"self":[{"href":"https:\/\/rawforce.cl\/index.php\/wp-json\/wp\/v2\/product\/37529","targetHints":{"allow":["GET"]}}],"collection":[{"href":"https:\/\/rawforce.cl\/index.php\/wp-json\/wp\/v2\/product"}],"about":[{"href":"https:\/\/rawforce.cl\/index.php\/wp-json\/wp\/v2\/types\/product"}],"replies":[{"embeddable":true,"href":"https:\/\/rawforce.cl\/index.php\/wp-json\/wp\/v2\/comments?post=37529"}],"wp:featuredmedia":[{"embeddable":true,"href":"https:\/\/rawforce.cl\/index.php\/wp-json\/wp\/v2\/media\/37530"}],"wp:attachment":[{"href":"https:\/\/rawforce.cl\/index.php\/wp-json\/wp\/v2\/media?parent=37529"}],"wp:term":[{"taxonomy":"product_cat","embeddable":true,"href":"https:\/\/rawforce.cl\/index.php\/wp-json\/wp\/v2\/product_cat?post=37529"},{"taxonomy":"product_tag","embeddable":true,"href":"https:\/\/rawforce.cl\/index.php\/wp-json\/wp\/v2\/product_tag?post=37529"}],"curies":[{"name":"wp","href":"https:\/\/api.w.org\/{rel}","templated":true}]}}