{"id":37342,"date":"2022-12-03T19:33:21","date_gmt":"2022-12-03T19:33:21","guid":{"rendered":"https:\/\/rawforce.cl\/?post_type=product&#038;p=37342"},"modified":"2023-09-12T20:05:33","modified_gmt":"2023-09-12T20:05:33","slug":"sadism-two-decades-of-perpetual-souls-2","status":"publish","type":"product","link":"https:\/\/rawforce.cl\/index.php\/product\/sadism-two-decades-of-perpetual-souls-2\/","title":{"rendered":"SADISM \/ Two decades of Perpetual souls"},"content":{"rendered":"<p>Death Metal Chile<\/p>\n<p>&nbsp;<\/p>\n<table class=\"tracklist_3QGRS\">\n<tbody>\n<tr data-track-position=\"1\">\n<td class=\"trackPos_2RCje\">1<\/td>\n<td class=\"artist_3zAQD\"><\/td>\n<td class=\"trackTitle_CTKp4\"><span class=\"trackTitle_CTKp4\">Gory Dreams<\/span><\/td>\n<td class=\"duration_2t4qr\">2:08<\/td>\n<\/tr>\n<tr data-track-position=\"2\">\n<td class=\"trackPos_2RCje\">2<\/td>\n<td class=\"artist_3zAQD\"><\/td>\n<td class=\"trackTitle_CTKp4\"><span class=\"trackTitle_CTKp4\">Burning Inside<\/span><\/td>\n<td class=\"duration_2t4qr\">5:34<\/td>\n<\/tr>\n<tr data-track-position=\"3\">\n<td class=\"trackPos_2RCje\">3<\/td>\n<td class=\"artist_3zAQD\"><\/td>\n<td class=\"trackTitle_CTKp4\"><span class=\"trackTitle_CTKp4\">Faces Of Terror<\/span><\/td>\n<td class=\"duration_2t4qr\">2:37<\/td>\n<\/tr>\n<tr data-track-position=\"4\">\n<td class=\"trackPos_2RCje\">4<\/td>\n<td class=\"artist_3zAQD\"><\/td>\n<td class=\"trackTitle_CTKp4\"><span class=\"trackTitle_CTKp4\">Transcanalized<\/span><\/td>\n<td class=\"duration_2t4qr\">5:16<\/td>\n<\/tr>\n<tr data-track-position=\"5\">\n<td class=\"trackPos_2RCje\">5<\/td>\n<td class=\"artist_3zAQD\"><\/td>\n<td class=\"trackTitle_CTKp4\"><span class=\"trackTitle_CTKp4\">Perdition Of Souls<\/span><\/td>\n<td class=\"duration_2t4qr\">4:38<\/td>\n<\/tr>\n<tr data-track-position=\"6\">\n<td class=\"trackPos_2RCje\">6<\/td>\n<td class=\"artist_3zAQD\"><\/td>\n<td class=\"trackTitle_CTKp4\"><span class=\"trackTitle_CTKp4\">Inhumation<\/span><\/td>\n<td class=\"duration_2t4qr\">6:00<\/td>\n<\/tr>\n<tr data-track-position=\"7\">\n<td class=\"trackPos_2RCje\">7<\/td>\n<td class=\"artist_3zAQD\"><\/td>\n<td class=\"trackTitle_CTKp4\"><span class=\"trackTitle_CTKp4\">Psychomental Storm<\/span><\/td>\n<td class=\"duration_2t4qr\">3:03<\/td>\n<\/tr>\n<tr data-track-position=\"8\">\n<td class=\"trackPos_2RCje\">8<\/td>\n<td class=\"artist_3zAQD\"><\/td>\n<td class=\"trackTitle_CTKp4\"><span class=\"trackTitle_CTKp4\">Dark Side Of Sadism<\/span><\/td>\n<td class=\"duration_2t4qr\">3:03<\/td>\n<\/tr>\n<tr data-track-position=\"9\">\n<td class=\"trackPos_2RCje\">9<\/td>\n<td class=\"artist_3zAQD\"><\/td>\n<td class=\"trackTitle_CTKp4\"><span class=\"trackTitle_CTKp4\">From The Perpetual Dark<\/span><\/td>\n<td class=\"duration_2t4qr\">3:27<\/td>\n<\/tr>\n<\/tbody>\n<\/table>\n<p>&nbsp;<\/p>\n<p>https:\/\/rawforceproductions.bandcamp.com\/album\/two-decades-of-perpetual-souls<\/p>\n<p>&nbsp;<\/p>\n<p>Celebrando sus 20 a\u00f1os como banda re-grab\u00f3 sus demos cl\u00e1sicos y agrega un raro tema \u00abGory Dreams\u00bb (1988) completamente in\u00e9dito.<\/p>\n","protected":false},"excerpt":{"rendered":"<p>Death Metal Chile &nbsp; 1 Gory Dreams 2:08 2 Burning Inside 5:34 3 Faces Of Terror 2:37 4 Transcanalized 5:16 5 Perdition Of Souls 4:38 6 Inhumation 6:00 7 Psychomental Storm 3:03 8 Dark Side Of Sadism 3:03 9 From The Perpetual Dark 3:27 &nbsp; https:\/\/rawforceproductions.bandcamp.com\/album\/two-decades-of-perpetual-souls &nbsp; Celebrando sus 20 a\u00f1os como banda re-grab\u00f3 sus&hellip;<\/p>\n","protected":false},"featured_media":37343,"comment_status":"open","ping_status":"closed","template":"","meta":[],"product_cat":[157],"product_tag":[],"class_list":["post-37342","product","type-product","status-publish","has-post-thumbnail","hentry","product_cat-cds","description-off"],"_links":{"self":[{"href":"https:\/\/rawforce.cl\/index.php\/wp-json\/wp\/v2\/product\/37342","targetHints":{"allow":["GET"]}}],"collection":[{"href":"https:\/\/rawforce.cl\/index.php\/wp-json\/wp\/v2\/product"}],"about":[{"href":"https:\/\/rawforce.cl\/index.php\/wp-json\/wp\/v2\/types\/product"}],"replies":[{"embeddable":true,"href":"https:\/\/rawforce.cl\/index.php\/wp-json\/wp\/v2\/comments?post=37342"}],"wp:featuredmedia":[{"embeddable":true,"href":"https:\/\/rawforce.cl\/index.php\/wp-json\/wp\/v2\/media\/37343"}],"wp:attachment":[{"href":"https:\/\/rawforce.cl\/index.php\/wp-json\/wp\/v2\/media?parent=37342"}],"wp:term":[{"taxonomy":"product_cat","embeddable":true,"href":"https:\/\/rawforce.cl\/index.php\/wp-json\/wp\/v2\/product_cat?post=37342"},{"taxonomy":"product_tag","embeddable":true,"href":"https:\/\/rawforce.cl\/index.php\/wp-json\/wp\/v2\/product_tag?post=37342"}],"curies":[{"name":"wp","href":"https:\/\/api.w.org\/{rel}","templated":true}]}}